a - 28 = -5*m - 773. What is the greatest common factor of 336 and a?
21
Suppose -3*c = 5*r - 35, 16*c - 55 = -4*r + 19*c. Let v be (4 - (2 + -1)) + 2. What is the highest common factor of v and r?
5
Suppose -16*j - 152 + 664 = 0. What is the greatest common divisor of j and 48?
16
Let b = 1 + 3. Suppose 0 = c - 2*a + 14, 56 = -b*c - 0*c + 3*a. Let q = c - -21. Calculate the highest common divisor of q and 14.
7
Suppose k + 150 = 4*k. Let c = 0 - -5. Suppose 0*m + 105 = 5*m + c*g, 2*g - 17 = -m. What is the highest common factor of k and m?
25
Suppose -525 = -22*y + y. What is the highest common divisor of 800 and y?
25
Suppose -345 = -4*x + 15. Calculate the highest common divisor of x and 765.
45
Let i be (-675)/(-5)*(16 - 9). Calculate the greatest common divisor of 63 and i.
63
Suppose 5*a = -4*l + 62, -l + 3*l - 38 = -3*a. Let s be -4 + a*(3 + 4/8). Calculate the highest common factor of 18 and s.
9
Let v = 1629 + -1572. Let x(p) = p**2 + 2. Let w be x(6). Calculate the greatest common divisor of v and w.
19
Let q = 463 - 454. What is the greatest common factor of q and 45?
9
Let q = 441 + -425. Let g = -113 - -43. Let o = g + 182. Calculate the highest common factor of q and o.
16
Suppose -483*f + 462*f = -231. Let t be (-175)/(-2) + 1/2. Calculate the greatest common divisor of f and t.
11
Let a = 37 + 70. Let m = -47 + a. Calculate the highest common divisor of 30 and m.
30
Suppose 0 = -14*q + 554 + 566. Let w be q*1 + (-13 + 5)/2. Suppose 3*g + 23 = 2*u - 2*g, -2*g = -4*u + 70. Calculate the greatest common divisor of w and u.
19
Let g(r) = -r**2 + 10*r - 15. Let p be g(6). Let v be (-6)/p - 188/(-12). Suppose 0 = 4*s - 29 - 11. Calculate the greatest common divisor of v and s.
5
Let r = -234 + 264. Let p be ((-25)/(-15))/((-2)/(-54)). Calculate the highest common factor of p and r.
15
Let s = 16 - -34. Let l = 7 - 2. Let t be 3 + l - 0 - -2. What is the highest common factor of s and t?
10
Let b(f) = -f**2 + 3*f + 2. Let q be b(3). Suppose 0 = 2*u - 4*k - 16, -u - 10 = -3*u + q*k. Let m = u + 8. Calculate the greatest common factor of m and 10.
10
Suppose 144 = 7*d - 3*d. Suppose d + 30 = 3*v. Calculate the highest common divisor of 33 and v.
11
Suppose 5*i - 13 = 2. Suppose i*u - 3*m = 90, -3*u + 20 + 80 = 2*m. What is the highest common divisor of u and 80?
16
Suppose 3*c - 11 = 10. Suppose 0 = 3*h - c*h + 80. Let z be 838/6 + (-5)/(-15). What is the highest common factor of h and z?
20
Suppose -4*o = -l + 11, l - 11 = -o + 4*o. Suppose -3*f + l = -5*k - 26, -2*k = -5*f + 68. Calculate the highest common factor of f and 98.
14
Suppose -3*p + 1594 = -10*h + 8*h, 4*p + 3*h = 2114. Calculate the highest common factor of 159 and p.
53
Let b(j) = j**2 + 2*j + 8. Let q be b(-8). Suppose 5*t = 68 - 28. Calculate the greatest common divisor of t and q.
8
Let d(w) = -w**2 + 19*w - 24. Let h = -12 + 15. Let k(n) = 5*n**2 - 9*n - 2. Let i be k(h). Let q be d(i). Calculate the highest common factor of q and 6.
6
Let p(x) be the third derivative of x**5/12 - 11*x**4/24 - 7*x**3/3 - 11*x**2. Let t be p(-6). What is the greatest common factor of t and 29?
29
Let l = -1222 + 2167. What is the highest common divisor of l and 35?
35
Let l(n) = 6*n - 4. Let g be 7*(-7)/(147/18). Let x be l(g). Let i be (36/(-5))/(12/x). Calculate the highest common divisor of 24 and i.
24
Let c be (-243)/(-18)*82/3*1. What is the highest common factor of 41 and c?
41
Let u(v) = -53*v + 9. Let h(r) = 53*r - 7. Let k(c) = -4*h(c) - 3*u(c). Let x be k(-1). Calculate the highest common factor of 432 and x.
54
Let f(l) = -l**3 - 9*l**2 - 7*l - 24. Let g be f(-10). Let p = g + 14. What is the highest common divisor of 20 and p?
20
Let p be 2 - (4 - 29) - 4. Suppose -2*k + 36 = -5*h, 0*k + 10 = -2*h + 3*k. Let c be (-2 - h)/((-6)/(-207)). What is the greatest common divisor of p and c?
23
Let v be (((-288)/14)/(-8))/((-2)/(-14)). Let m be 159/(3 - 2) - -3. What is the highest common factor of v and m?
18
Let u(s) = -1049*s**3 - s. Let n be u(-1). Suppose 0 = -7*w + w + n. Calculate the greatest common divisor of w and 25.
25
Let s = 279 + -57. Let q = s - -75. Calculate the highest common divisor of q and 33.
33
Suppose -2*p = p - 102. Let i = -223 - -597. Calculate the greatest common factor of i and p.
34
Let l(g) = 12*g - 3. Let u be l(2). Let p = -309 + 330. What is the highest common divisor of u and p?
21
Suppose -3*w + 600 = w. What is the greatest common factor of 200 and w?
50
Let p = -20 + 26. Let l be 1092/36 - 2/p. What is the highest common factor of l and 3?
3
Let i be -1*-9*3*8/24. Suppose -31 + i = -2*f. Calculate the highest common factor of 22 and f.
11
Let m be (19 + -10)/((21/680)/7). Calculate the highest common divisor of m and 51.
51
Let q be (-15)/(-5)*10/6. Suppose 3*l = 47 - q. Suppose 0 = -2*r + r + 21. What is the greatest common divisor of r and l?
7
Suppose -3*v + 1 = -2*a, -2*v + 22 = -3*a + 7*a. What is the greatest common factor of a and 16?
4
Suppose 28 + 29 = 3*w. Let v be ((-10)/4)/((-34)/2312). Let x = w + v. Calculate the highest common factor of x and 21.
21
Suppose -14*z = -11*z - 258. What is the greatest common factor of 1978 and z?
86
Suppose -2*t - 2 = 5*s, 7*t - 4*t + 4*s = 4. Let d = -3 + t. Let u be (44/(-8))/11*(1 - 15). What is the greatest common factor of d and u?
1
Let p(s) = -10*s - 16. Let c be p(-2). What is the greatest common divisor of c and 3?
1
Let m be (-26)/(-169) - (-1)/(26/(-4)). Suppose -40*w + 35*w + 200 = m. What is the greatest common divisor of w and 5?
5
Suppose 0 = -5*u + 99 - 14. What is the highest common factor of u and 17?
17
Let z be (-3)/2*(-36)/(-27) - -219. What is the greatest common divisor of z and 7?
7
Let b be (8*1)/(-3 - -4). Let f = 24 - 19. Suppose 3*x + 0*x + i = f, 7 = -x + 4*i. What is the greatest common factor of b and x?
1
Let j = 1300 + -1296. Let n be 13 + (-2 + 0 - -1). Calculate the greatest common factor of j and n.
4
Suppose -2*c = -3*s + s - 854, -2129 = -5*c + 3*s. Let o = 724 - c. Calculate the greatest common factor of o and 30.
30
Suppose -342*a + 1056 = -331*a. What is the greatest common factor of 216 and a?
24
Let g be (-463)/(-5) + (-2)/(-5). Suppose -g = 5*n - 513. Suppose -4*j = v - 222, -5*j + 351 = -4*v + n. What is the highest common factor of j and 11?
11
Let y be (-24)/36*(-1 - 5). Suppose 14*h - y = 12*h. Calculate the greatest common divisor of h and 3.
1
Suppose -205*j + 630 = -196*j. What is the highest common factor of j and 105?
35
Suppose 4 = -2*g - 4. Let w be 2 + 2/4*g. Suppose -11*h + 12*h - 12 = w. Calculate the greatest common divisor of h and 3.
3
Let d be 1027/5 + ((-54)/(-15) - 4). Calculate the greatest common divisor of 5 and d.
5
Let j be (48/18)/((-15)/(-9) + -1). Let u be 8/2*5 - -4. What is the greatest common divisor of j and u?
4
Let c be (-6)/(-18) - (-22)/(-3). Let x(z) = -z**3 - 7*z**2 - 2*z - 10. Let s be x(c). Suppose -l - 2 = -s. Calculate the greatest common divisor of l and 14.
2
Suppose 19*v = 18*v + 28. Let r = 40 - v. Calculate the highest common factor of r and 96.
12
Suppose 2*f - 3*f + 20 = 0. Suppose -3*y - y = -f. What is the greatest common divisor of 55 and y?
5
Suppose -161 = -5*y - 36. What is the highest common divisor of y and 425?
25
Let i(g) = -g**3 - 15*g**2 + 9*g - 56. Let k be i(-16). Calculate the highest common factor of k and 7.
7
Let m = -504 - -528. Calculate the highest common factor of m and 16.
8
Suppose 0 = -5*g + 5, 0*g = -4*l + 5*g - 17. Let c = l + 7. Let w be (-4)/8 - (-306)/c. What is the highest common factor of 19 and w?
19
Suppose 3*i - 3 = 0, 0 = -4*q - 3*i + 410 + 685. What is the highest common divisor of 3 and q?
3
Let i = 5454 - 3794. What is the greatest common divisor of 20 and i?
20
Let k(z) = -z**3 + 4*z**2 - 3*z. Let q be k(3). Suppose -5*l + x + 137 = q, 2*l - x = -4*x + 65. What is the highest common factor of 140 and l?
28
Let w(z) = -z**3 + 25*z**2 - 23*z - 4. Let g be w(24). What is the highest common divisor of 830 and g?
10
Let q = -1477 + 999. Let m = q - -6316. Let d be m/70 + 6/10. What is the greatest common factor of d and 56?
28
Suppose -b + 2*u = -6 + 3, -2*b + u + 6 = 0. Suppose -3*o = b*l - 0 - 6, 4 = l - o. Let w be 50/l + (-8)/12. What is the highest common facto